{"id":753,"date":"2016-11-25T10:05:49","date_gmt":"2016-11-25T13:05:49","guid":{"rendered":"http:\/\/ppgcc.ifce.edu.br\/?page_id=753"},"modified":"2022-02-24T09:27:22","modified_gmt":"2022-02-24T12:27:22","slug":"modelos-de-documentos","status":"publish","type":"page","link":"https:\/\/ppgcc.ifce.edu.br\/?page_id=753","title":{"rendered":"Modelos de Documentos"},"content":{"rendered":"<p>Alguns modelos de documentos importantes para o PPGCC est\u00e3o listados abaixo:<\/p>\n<blockquote>\n<p><strong>ATEN\u00c7\u00c3O! Use apenas logomarcas oficiais e atualizadas:<\/strong><\/p>\n<p><a href=\"http:\/\/ppgcc.ifce.edu.br\/?page_id=4745\">Logo do PPGCC<\/a><\/p>\n<p><a href=\"https:\/\/ifce.edu.br\/comunicacao-social\/identidade_arquivos\/logo-nova-modelo-ifce-geral.zip\">Logo do IFCE (.zip)<\/a><\/p>\n<\/blockquote>\n<ul>\n<li>Modelo de disserta\u00e7\u00e3o e qualifica\u00e7\u00e3o no Latex (<a href=\"http:\/\/ppgcc.ifce.edu.br\/?attachment_id=12501\">clique aqui para acessar<\/a>)<\/li>\n<\/ul>\n<ul>\n<li>Modelo de Apresenta\u00e7\u00e3o no Latex (c<a href=\"http:\/\/ppgcc.ifce.edu.br\/?attachment_id=12507\">lique aqui para acessar<\/a>)<\/li>\n<li>Modelo de apresenta\u00e7\u00e3o no Power Point (<a href=\"https:\/\/docs.google.com\/presentation\/d\/1zr7qbZa5dFgZIQuFI4_xIF-ZCmInseKA\/edit?usp=sharing&amp;ouid=110846190760112435959&amp;rtpof=true&amp;sd=true\">clique aqui para cessar<\/a>)<\/li>\n<li>Modelo de capa de DVD da biblioteca para o Diploma (Clique para acessar &#8211; <a href=\"https:\/\/docs.google.com\/document\/d\/1lv1okSMhhfvxLlZ0LBeDURGrG1tCJNmK\/edit?usp=sharing&amp;ouid=110846190760112435959&amp;rtpof=true&amp;sd=true\">Word<\/a>)<\/li>\n<li>Modelo de declara\u00e7\u00e3o de aprova\u00e7\u00e3o do texto final de disserta\u00e7\u00e3o pelo orientador <div class='w3eden'><!-- WPDM Link Template: Default Template -->\n\n<div class=\"link-template-default card mb-2\">\n    <div class=\"card-body\">\n        <div class=\"media\">\n            <div class=\"mr-3 img-48\"><img decoding=\"async\" class=\"wpdm_icon\" alt=\"\u00edcone\" src=\"https:\/\/ppgcc.ifce.edu.br\/wp-content\/plugins\/download-manager\/assets\/file-type-icons\/doc.svg\" \/><\/div>\n            <div class=\"media-body\">\n                <h3 class=\"package-title\"><a href='https:\/\/ppgcc.ifce.edu.br\/?wpdmpro=modelo-aprovacao-dissertacao-final'>Modelo de aprova\u00e7\u00e3o do texto final da disserta\u00e7\u00e3o<\/a><\/h3>\n                <div class=\"text-muted text-small\"><i class=\"fas fa-copy\"><\/i> 1  arquivo(s) <i class=\"fas fa-hdd ml-3\"><\/i> 5.36 MB<\/div>\n            <\/div>\n            <div class=\"ml-3\">\n                <a class='wpdm-download-link download-on-click btn btn-primary ' rel='nofollow' href='#' data-downloadurl=\"https:\/\/ppgcc.ifce.edu.br\/?wpdmpro=modelo-aprovacao-dissertacao-final&wpdmdl=805&refresh=69e83507ed9971776825607\">Download<\/a>\n            <\/div>\n        <\/div>\n    <\/div>\n<\/div>\n\n<\/div><\/li>\n<\/ul>\n\n\n<p><\/p>\n","protected":false},"excerpt":{"rendered":"<p>Alguns modelos de documentos importantes para o PPGCC est\u00e3o listados abaixo: ATEN\u00c7\u00c3O! Use apenas logomarcas oficiais e atualizadas: Logo do PPGCC Logo do IFCE (.zip) Modelo de disserta\u00e7\u00e3o e qualifica\u00e7\u00e3o no Latex (clique aqui para acessar) Modelo de Apresenta\u00e7\u00e3o no Latex (clique aqui para acessar) Modelo de apresenta\u00e7\u00e3o no Power Point (clique aqui para cessar) [&hellip;]<\/p>\n","protected":false},"author":13,"featured_media":0,"parent":14,"menu_order":0,"comment_status":"closed","ping_status":"closed","template":"","meta":{"footnotes":""},"class_list":["post-753","page","type-page","status-publish","hentry"],"_links":{"self":[{"href":"https:\/\/ppgcc.ifce.edu.br\/index.php?rest_route=\/wp\/v2\/pages\/753","targetHints":{"allow":["GET"]}}],"collection":[{"href":"https:\/\/ppgcc.ifce.edu.br\/index.php?rest_route=\/wp\/v2\/pages"}],"about":[{"href":"https:\/\/ppgcc.ifce.edu.br\/index.php?rest_route=\/wp\/v2\/types\/page"}],"author":[{"embeddable":true,"href":"https:\/\/ppgcc.ifce.edu.br\/index.php?rest_route=\/wp\/v2\/users\/13"}],"replies":[{"embeddable":true,"href":"https:\/\/ppgcc.ifce.edu.br\/index.php?rest_route=%2Fwp%2Fv2%2Fcomments&post=753"}],"version-history":[{"count":17,"href":"https:\/\/ppgcc.ifce.edu.br\/index.php?rest_route=\/wp\/v2\/pages\/753\/revisions"}],"predecessor-version":[{"id":17331,"href":"https:\/\/ppgcc.ifce.edu.br\/index.php?rest_route=\/wp\/v2\/pages\/753\/revisions\/17331"}],"up":[{"embeddable":true,"href":"https:\/\/ppgcc.ifce.edu.br\/index.php?rest_route=\/wp\/v2\/pages\/14"}],"wp:attachment":[{"href":"https:\/\/ppgcc.ifce.edu.br\/index.php?rest_route=%2Fwp%2Fv2%2Fmedia&parent=753"}],"curies":[{"name":"wp","href":"https:\/\/api.w.org\/{rel}","templated":true}]}}