{"id":18098,"date":"2022-09-21T10:51:54","date_gmt":"2022-09-21T13:51:54","guid":{"rendered":"http:\/\/ppgcc.ifce.edu.br\/?page_id=18098"},"modified":"2022-12-07T16:35:54","modified_gmt":"2022-12-07T19:35:54","slug":"processo-seletivo-turma-2023-1","status":"publish","type":"page","link":"https:\/\/ppgcc.ifce.edu.br\/?page_id=18098","title":{"rendered":"Processo Seletivo &#8211; Turma 2023.1"},"content":{"rendered":"\n<p><strong>EDITAL<\/strong> &#8211;&nbsp;<a href=\"https:\/\/ifce.edu.br\/acesso-rapido\/concursos-publicos\/editais\/pos-graduacao\/mestrado\/2022\/mestrado-em-ciencia-da-computacao\/selecao-para-a-turma-de-2023\" target=\"_blank\" rel=\"noreferrer noopener\">No.43\/2022 &#8211; Turma 2023.1<\/a>&nbsp;(encontre neste link todos os documentos do processo seletivo &#8211; esteja atento \u00e0s <strong>datas<\/strong> de cada etapa do processo e eventuais&nbsp;<strong>retifica\u00e7\u00f5es<\/strong>)<\/p>\n\n\n\n<p><a href=\"http:\/\/ppger.ifce.edu.br\/formulario-de-inscricao-ppgcc-turma-2023-1\/\" target=\"_blank\" rel=\"noreferrer noopener\">FORMUL\u00c1RIO ELETR\u00d4NICO DE INSCRI\u00c7\u00c3O<\/a> (dispon\u00edvel durante o per\u00edodo estipulado no edital)<\/p>\n\n\n<h1>Eventos principais do processo seletivo<\/h1>\n<ul>\n<li><strong>INSCRI\u00c7\u00d5ES<\/strong>\n<ul>\n<li>Final das inscri\u00e7\u00f5es (14\/10\/2022)<\/li>\n<li>Lista final das inscri\u00e7\u00f5es deferidas e indeferidas e informa\u00e7\u00f5es para a realiza\u00e7\u00e3o da prova escrita \u00a0(20\/10\/2022)<\/li>\n<\/ul>\n<\/li>\n<li><strong>ETAPA 1<\/strong> (prova escrita)\n<ul>\n<li>Informa\u00e7\u00f5es sobre a prova:\n<ul>\n<li>Local: Sala PG204, 2a. Andar, Bloco Did\u00e1tico (BD) &#8211; <a href=\"http:\/\/ppgcc.ifce.edu.br\/wp-content\/uploads\/2022\/10\/PPGCC-mapa.png\">VER MAPA DO CAMPUS<\/a><\/li>\n<li>Entrada pela Av. 13 de Maio &#8211; Apresentar documento de identidade.<\/li>\n<li>Data e Hor\u00e1rio da prova: 22\/10\/2022, das 9h \u00e0s 12h<\/li>\n<\/ul>\n<\/li>\n<li>Resultado final e calend\u00e1rio de argui\u00e7\u00e3o oral (04\/11\/2022)<\/li>\n<\/ul>\n<\/li>\n<li><strong>ETAPA 2<\/strong>\u00a0(argui\u00e7\u00e3o oral)\n<ul>\n<li>Resultado final (24\/11\/2022)<\/li>\n<\/ul>\n<\/li>\n<li><strong>ETAPA 3<\/strong>\u00a0(an\u00e1lise de hist\u00f3rico e curr\u00edculo)\n<ul>\n<li>Resultado preliminar do processo seletivo (05\/12\/2022)<\/li>\n<li>Resultado do processo de <strong>heteroidentifica\u00e7\u00e3o<\/strong>\u00a0(19\/12\/2022)<\/li>\n<li>Resultado final do processo seletivo (23\/12\/2022)<\/li>\n<\/ul>\n<\/li>\n<li><strong>MATR\u00cdCULA <\/strong><strong>(31\/01 a 10\/02\/2023) ATUALIZADO!<\/strong>\n<ul>\n<li><a href=\"http:\/\/ppgcc.ifce.edu.br\/?page_id=16670\">Instru\u00e7\u00f5es para matr\u00edcula de novatos<\/a>\u00a0(seu futuro orientador est\u00e1 no Anexo I do edital; contacte-o antes de realizar a matr\u00edcula)<\/li>\n<li>Classific\u00e1veis devem aguardar chamada por e-mail (durante o per\u00edodo de matr\u00edcula)<\/li>\n<\/ul>\n<\/li>\n<\/ul>\n<blockquote>\n<p>ATEN\u00c7\u00c3O! O edital para\u00a0<a href=\"http:\/\/ppgcc.ifce.edu.br\/?page_id=16929\"><strong>bolsas de mestrado<\/strong><\/a>\u00a0ocorre em fluxo cont\u00ednuo.<\/p>\n<\/blockquote>\n<hr \/>\n<p><strong>Comiss\u00e3o de Sele\u00e7\u00e3o<br \/><\/strong>E-mail: \u200bselecao@ppgcc.ifce.edu.br<\/p>\n<p><strong>Secretaria do PPGCC<\/strong><br \/>Fone: <strong>(85) 3307-4020<\/strong>, e-mail: dippg.secretaria@ifce.edu.br<br \/>Av. \u200b13 de Maio, 2081 &#8211; F\u00e1tima, Fortaleza &#8211; CE, 60040-531<\/p>\n<p><strong>Coordenadoria do PPGCC<\/strong><br \/>E-mail: \u200bcoord@ppgcc.ifce.edu.br<\/p>\n\n\n<p><\/p>\n","protected":false},"excerpt":{"rendered":"<p>EDITAL &#8211;&nbsp;No.43\/2022 &#8211; Turma 2023.1&nbsp;(encontre neste link todos os documentos do processo seletivo &#8211; esteja atento \u00e0s datas de cada etapa do processo e eventuais&nbsp;retifica\u00e7\u00f5es) FORMUL\u00c1RIO ELETR\u00d4NICO DE INSCRI\u00c7\u00c3O (dispon\u00edvel durante o per\u00edodo estipulado no edital) Eventos principais do processo seletivo INSCRI\u00c7\u00d5ES Final das inscri\u00e7\u00f5es (14\/10\/2022) Lista final das inscri\u00e7\u00f5es deferidas e indeferidas e informa\u00e7\u00f5es [&hellip;]<\/p>\n","protected":false},"author":14,"featured_media":0,"parent":609,"menu_order":0,"comment_status":"closed","ping_status":"closed","template":"","meta":{"footnotes":""},"class_list":["post-18098","page","type-page","status-publish","hentry"],"_links":{"self":[{"href":"https:\/\/ppgcc.ifce.edu.br\/index.php?rest_route=\/wp\/v2\/pages\/18098","targetHints":{"allow":["GET"]}}],"collection":[{"href":"https:\/\/ppgcc.ifce.edu.br\/index.php?rest_route=\/wp\/v2\/pages"}],"about":[{"href":"https:\/\/ppgcc.ifce.edu.br\/index.php?rest_route=\/wp\/v2\/types\/page"}],"author":[{"embeddable":true,"href":"https:\/\/ppgcc.ifce.edu.br\/index.php?rest_route=\/wp\/v2\/users\/14"}],"replies":[{"embeddable":true,"href":"https:\/\/ppgcc.ifce.edu.br\/index.php?rest_route=%2Fwp%2Fv2%2Fcomments&post=18098"}],"version-history":[{"count":42,"href":"https:\/\/ppgcc.ifce.edu.br\/index.php?rest_route=\/wp\/v2\/pages\/18098\/revisions"}],"predecessor-version":[{"id":18382,"href":"https:\/\/ppgcc.ifce.edu.br\/index.php?rest_route=\/wp\/v2\/pages\/18098\/revisions\/18382"}],"up":[{"embeddable":true,"href":"https:\/\/ppgcc.ifce.edu.br\/index.php?rest_route=\/wp\/v2\/pages\/609"}],"wp:attachment":[{"href":"https:\/\/ppgcc.ifce.edu.br\/index.php?rest_route=%2Fwp%2Fv2%2Fmedia&parent=18098"}],"curies":[{"name":"wp","href":"https:\/\/api.w.org\/{rel}","templated":true}]}}