{"id":16571,"date":"2021-01-21T15:21:44","date_gmt":"2021-01-21T18:21:44","guid":{"rendered":"http:\/\/ppgcc.ifce.edu.br\/?page_id=16571"},"modified":"2022-05-12T08:15:23","modified_gmt":"2022-05-12T11:15:23","slug":"processo-seletivo-edital-1-2021","status":"publish","type":"page","link":"https:\/\/ppgcc.ifce.edu.br\/?page_id=16571","title":{"rendered":"Processo Seletivo &#8211; Edital 1-2021"},"content":{"rendered":"<h1>Acompanhe aqui as etapas do processo seletivo<\/h1>\n<ul>\n<li><a href=\"http:\/\/ppgcc.ifce.edu.br\/?page_id=18011\">EDITAL SUPLEMENTAR &#8211; HETEROIDENTIFICA\u00c7\u00c3O<\/a> <strong>**NOVO**<\/strong><\/li>\n<li><strong>EDITAL<\/strong> &#8211;\u00a0<a href=\"https:\/\/ifce.edu.br\/acesso-rapido\/concursos-publicos\/editais\/pos-graduacao\/mestrado\/2021\/mestrado-em-ciencia-da-computacao\">Edital 1-2021<\/a>\u00a0(fique atendo a poss\u00edveis <strong>retifica\u00e7\u00f5es<\/strong>)<\/li>\n<li><strong>INSCRI\u00c7\u00d5ES<\/strong>\n<ul>\n<li><a href=\"http:\/\/ppgcc.ifce.edu.br\/?page_id=16596\">Formul\u00e1rio eletr\u00f4nico<\/a>\u00a0(dispon\u00edvel durante o prazo estipulado no edital)<\/li>\n<li><a href=\"http:\/\/ppgcc.ifce.edu.br\/wp-content\/uploads\/2021\/02\/PPGCC-2021.1-Inscricoes-preliminar.pdf\">Lista preliminar\u00a0com inscri\u00e7\u00f5es deferidas e indeferidas<\/a><\/li>\n<li><a href=\"http:\/\/ppgcc.ifce.edu.br\/wp-content\/uploads\/2021\/02\/PPGCC-2021.1-Inscricoes-final.pdf\">Lista final com inscri\u00e7\u00f5es deferidas e indeferidas<\/a><\/li>\n<\/ul>\n<\/li>\n<li><strong>ETAPA 1<\/strong> (argui\u00e7\u00e3o oral)\n<ul>\n<li><a href=\"http:\/\/ppgcc.ifce.edu.br\/wp-content\/uploads\/2021\/02\/PPGCC-2021.1-Cronograma-de-Arguicao-Oral.pdf\">Calend\u00e1rio de argui\u00e7\u00f5es<\/a><\/li>\n<li><a href=\"http:\/\/ppgcc.ifce.edu.br\/wp-content\/uploads\/2021\/03\/PPGCC-2021.1-Resultado-Arguicao-preliminar.pdf\">Resultado parcial<\/a><\/li>\n<li><a href=\"http:\/\/ppgcc.ifce.edu.br\/wp-content\/uploads\/2021\/03\/PPGCC-2021.1-Resultado-Arguicao-final.pdf\">Resultado final<\/a><\/li>\n<\/ul>\n<\/li>\n<li><strong>ETAPA 2<\/strong> (an\u00e1lise de hist\u00f3rico e curr\u00edculo)\n<ul>\n<li><a href=\"http:\/\/ppgcc.ifce.edu.br\/wp-content\/uploads\/2021\/03\/PPGCC-2021.1-Desempenho-Profissional-e-Academico-Preliminar.pdf\">Resultado parcial<\/a><\/li>\n<li><a href=\"http:\/\/ppgcc.ifce.edu.br\/wp-content\/uploads\/2021\/03\/PPGCC-2021.1-Desempenho-Profissional-e-Academico-Final.pdf\">Resultado final<\/a><\/li>\n<li><a href=\"http:\/\/ppgcc.ifce.edu.br\/wp-content\/uploads\/2021\/03\/PPGCC-2021.1-Resultado-Final-Retificado.pdf\">Rela\u00e7\u00e3o de classificados e classific\u00e1veis (RETIFICADO)<\/a><\/li>\n<\/ul>\n<\/li>\n<li><strong>MATR\u00cdCULA<\/strong>\n<ul>\n<li><a href=\"http:\/\/ppgcc.ifce.edu.br\/?page_id=16670\">Instru\u00e7\u00f5es para matr\u00edcula de novatos<\/a><\/li>\n<\/ul>\n<\/li>\n<\/ul>\n<hr \/>\n<p><strong>Coordenadoria do PPGCC<\/strong><br \/>\nFone: <strong>(85) 3307-4020<\/strong>, e-mail: \u200bcoord@ppgcc.ifce.edu.br<br \/>\nAv. \u200b13 de Maio, 2081 &#8211; F\u00e1tima, Fortaleza &#8211; CE, 60040-531<\/p>\n","protected":false},"excerpt":{"rendered":"<p>Acompanhe aqui as etapas do processo seletivo EDITAL SUPLEMENTAR &#8211; HETEROIDENTIFICA\u00c7\u00c3O **NOVO** EDITAL &#8211;\u00a0Edital 1-2021\u00a0(fique atendo a poss\u00edveis retifica\u00e7\u00f5es) INSCRI\u00c7\u00d5ES Formul\u00e1rio eletr\u00f4nico\u00a0(dispon\u00edvel durante o prazo estipulado no edital) Lista preliminar\u00a0com inscri\u00e7\u00f5es deferidas e indeferidas Lista final com inscri\u00e7\u00f5es deferidas e indeferidas ETAPA 1 (argui\u00e7\u00e3o oral) Calend\u00e1rio de argui\u00e7\u00f5es Resultado parcial Resultado final ETAPA 2 (an\u00e1lise [&hellip;]<\/p>\n","protected":false},"author":14,"featured_media":0,"parent":609,"menu_order":0,"comment_status":"closed","ping_status":"closed","template":"","meta":{"footnotes":""},"class_list":["post-16571","page","type-page","status-publish","hentry"],"_links":{"self":[{"href":"https:\/\/ppgcc.ifce.edu.br\/index.php?rest_route=\/wp\/v2\/pages\/16571","targetHints":{"allow":["GET"]}}],"collection":[{"href":"https:\/\/ppgcc.ifce.edu.br\/index.php?rest_route=\/wp\/v2\/pages"}],"about":[{"href":"https:\/\/ppgcc.ifce.edu.br\/index.php?rest_route=\/wp\/v2\/types\/page"}],"author":[{"embeddable":true,"href":"https:\/\/ppgcc.ifce.edu.br\/index.php?rest_route=\/wp\/v2\/users\/14"}],"replies":[{"embeddable":true,"href":"https:\/\/ppgcc.ifce.edu.br\/index.php?rest_route=%2Fwp%2Fv2%2Fcomments&post=16571"}],"version-history":[{"count":46,"href":"https:\/\/ppgcc.ifce.edu.br\/index.php?rest_route=\/wp\/v2\/pages\/16571\/revisions"}],"predecessor-version":[{"id":18029,"href":"https:\/\/ppgcc.ifce.edu.br\/index.php?rest_route=\/wp\/v2\/pages\/16571\/revisions\/18029"}],"up":[{"embeddable":true,"href":"https:\/\/ppgcc.ifce.edu.br\/index.php?rest_route=\/wp\/v2\/pages\/609"}],"wp:attachment":[{"href":"https:\/\/ppgcc.ifce.edu.br\/index.php?rest_route=%2Fwp%2Fv2%2Fmedia&parent=16571"}],"curies":[{"name":"wp","href":"https:\/\/api.w.org\/{rel}","templated":true}]}}